{"id":550,"date":"2025-03-22T13:43:26","date_gmt":"2025-03-22T13:43:26","guid":{"rendered":"https:\/\/pucapress.com\/?page_id=550"},"modified":"2025-03-23T10:36:57","modified_gmt":"2025-03-23T10:36:57","slug":"a-home-that-was-baile-do-bhi","status":"publish","type":"page","link":"https:\/\/pucapress.com\/?page_id=550","title":{"rendered":"A Home that was &#8211; Baile do Bh\u00ed"},"content":{"rendered":"\n<div class=\"wp-block-media-text is-stacked-on-mobile\" style=\"grid-template-columns:22% auto\"><figure class=\"wp-block-media-text__media\"><img loading=\"lazy\" decoding=\"async\" width=\"309\" height=\"472\" src=\"https:\/\/pucapress.com\/wp-content\/uploads\/2025\/03\/bailecoverb-1.jpg\" alt=\"\" class=\"wp-image-559 size-full\" srcset=\"https:\/\/pucapress.com\/wp-content\/uploads\/2025\/03\/bailecoverb-1.jpg 309w, https:\/\/pucapress.com\/wp-content\/uploads\/2025\/03\/bailecoverb-1-196x300.jpg 196w\" sizes=\"auto, (max-width: 309px) 100vw, 309px\" \/><\/figure><div class=\"wp-block-media-text__content\">\n<p><strong>Baile do Bh\u00ed &#8211; A Home That Was<\/strong><br>D\u00e1nta\/Poems: Simon O Faol\u00e1in<br>Gaeilge\/English<br>7 Original Lino- and Woodprints: Dominique Lieb<br>Film: Zoe U\u00ed Fhaol\u00e1in<br>Illustration DVD: D\u00f3mhnal O Bric<br>Layout &amp; Letterpress: Dominique Lieb<br>Handbound: Hubert Bookbinding, Cork<br> 44 pages \/ 198 x 130cm \/ 156 copies \/ sold out<br>2014 Dingle \/ Ireland<\/p>\n<\/div><\/div>\n\n\n\n<figure class=\"wp-block-image size-full\"><img loading=\"lazy\" decoding=\"async\" width=\"443\" height=\"358\" src=\"https:\/\/pucapress.com\/wp-content\/uploads\/2025\/03\/misteir-1.jpg\" alt=\"\" class=\"wp-image-562\" srcset=\"https:\/\/pucapress.com\/wp-content\/uploads\/2025\/03\/misteir-1.jpg 443w, https:\/\/pucapress.com\/wp-content\/uploads\/2025\/03\/misteir-1-300x242.jpg 300w\" sizes=\"auto, (max-width: 443px) 100vw, 443px\" \/><\/figure>\n\n\n\n<figure class=\"wp-block-image size-full\"><img loading=\"lazy\" decoding=\"async\" width=\"443\" height=\"350\" src=\"https:\/\/pucapress.com\/wp-content\/uploads\/2025\/03\/mile-1.jpg\" alt=\"\" class=\"wp-image-563\" srcset=\"https:\/\/pucapress.com\/wp-content\/uploads\/2025\/03\/mile-1.jpg 443w, https:\/\/pucapress.com\/wp-content\/uploads\/2025\/03\/mile-1-300x237.jpg 300w\" sizes=\"auto, (max-width: 443px) 100vw, 443px\" \/><\/figure>\n\n\n\n<figure class=\"wp-block-image size-full is-resized\"><img loading=\"lazy\" decoding=\"async\" width=\"640\" height=\"480\" src=\"https:\/\/pucapress.com\/wp-content\/uploads\/2025\/03\/IMG_4415-2.jpg\" alt=\"\" class=\"wp-image-729\" style=\"width:595px;height:auto\" srcset=\"https:\/\/pucapress.com\/wp-content\/uploads\/2025\/03\/IMG_4415-2.jpg 640w, https:\/\/pucapress.com\/wp-content\/uploads\/2025\/03\/IMG_4415-2-300x225.jpg 300w\" sizes=\"auto, (max-width: 640px) 100vw, 640px\" \/><\/figure>\n\n\n\n<figure class=\"wp-block-image size-full\"><img loading=\"lazy\" decoding=\"async\" width=\"443\" height=\"358\" src=\"https:\/\/pucapress.com\/wp-content\/uploads\/2025\/03\/bailehouse-2.jpg\" alt=\"\" class=\"wp-image-730\" srcset=\"https:\/\/pucapress.com\/wp-content\/uploads\/2025\/03\/bailehouse-2.jpg 443w, https:\/\/pucapress.com\/wp-content\/uploads\/2025\/03\/bailehouse-2-300x242.jpg 300w\" sizes=\"auto, (max-width: 443px) 100vw, 443px\" \/><\/figure>\n","protected":false},"excerpt":{"rendered":"<p>Baile do Bh\u00ed &#8211; A Home That WasD\u00e1nta\/Poems: Simon O Faol\u00e1inGaeilge\/English7 Original Lino- and Woodprints: Dominique LiebFilm: Zoe U\u00ed Fhaol\u00e1inIllustration [&hellip;]<\/p>\n","protected":false},"author":1,"featured_media":0,"parent":0,"menu_order":0,"comment_status":"closed","ping_status":"closed","template":"","meta":{"site-sidebar-layout":"default","site-content-layout":"","ast-site-content-layout":"","site-content-style":"default","site-sidebar-style":"default","ast-global-header-display":"","ast-banner-title-visibility":"","ast-main-header-display":"","ast-hfb-above-header-display":"","ast-hfb-below-header-display":"","ast-hfb-mobile-header-display":"","site-post-title":"","ast-breadcrumbs-content":"","ast-featured-img":"","footer-sml-layout":"","theme-transparent-header-meta":"","adv-header-id-meta":"","stick-header-meta":"","header-above-stick-meta":"","header-main-stick-meta":"","header-below-stick-meta":"","astra-migrate-meta-layouts":"default","ast-page-background-enabled":"default","ast-page-background-meta":{"desktop":{"background-color":"var(--ast-global-color-4)","background-image":"","background-repeat":"repeat","background-position":"center center","background-size":"auto","background-attachment":"scroll","background-type":"","background-media":"","overlay-type":"","overlay-color":"","overlay-opacity":"","overlay-gradient":""},"tablet":{"background-color":"","background-image":"","background-repeat":"repeat","background-position":"center center","background-size":"auto","background-attachment":"scroll","background-type":"","background-media":"","overlay-type":"","overlay-color":"","overlay-opacity":"","overlay-gradient":""},"mobile":{"background-color":"","background-image":"","background-repeat":"repeat","background-position":"center center","background-size":"auto","background-attachment":"scroll","background-type":"","background-media":"","overlay-type":"","overlay-color":"","overlay-opacity":"","overlay-gradient":""}},"ast-content-background-meta":{"desktop":{"background-color":"var(--ast-global-color-5)","background-image":"","background-repeat":"repeat","background-position":"center center","background-size":"auto","background-attachment":"scroll","background-type":"","background-media":"","overlay-type":"","overlay-color":"","overlay-opacity":"","overlay-gradient":""},"tablet":{"background-color":"var(--ast-global-color-5)","background-image":"","background-repeat":"repeat","background-position":"center center","background-size":"auto","background-attachment":"scroll","background-type":"","background-media":"","overlay-type":"","overlay-color":"","overlay-opacity":"","overlay-gradient":""},"mobile":{"background-color":"var(--ast-global-color-5)","background-image":"","background-repeat":"repeat","background-position":"center center","background-size":"auto","background-attachment":"scroll","background-type":"","background-media":"","overlay-type":"","overlay-color":"","overlay-opacity":"","overlay-gradient":""}},"footnotes":""},"class_list":["post-550","page","type-page","status-publish","hentry"],"_links":{"self":[{"href":"https:\/\/pucapress.com\/index.php?rest_route=\/wp\/v2\/pages\/550","targetHints":{"allow":["GET"]}}],"collection":[{"href":"https:\/\/pucapress.com\/index.php?rest_route=\/wp\/v2\/pages"}],"about":[{"href":"https:\/\/pucapress.com\/index.php?rest_route=\/wp\/v2\/types\/page"}],"author":[{"embeddable":true,"href":"https:\/\/pucapress.com\/index.php?rest_route=\/wp\/v2\/users\/1"}],"replies":[{"embeddable":true,"href":"https:\/\/pucapress.com\/index.php?rest_route=%2Fwp%2Fv2%2Fcomments&post=550"}],"version-history":[{"count":3,"href":"https:\/\/pucapress.com\/index.php?rest_route=\/wp\/v2\/pages\/550\/revisions"}],"predecessor-version":[{"id":731,"href":"https:\/\/pucapress.com\/index.php?rest_route=\/wp\/v2\/pages\/550\/revisions\/731"}],"wp:attachment":[{"href":"https:\/\/pucapress.com\/index.php?rest_route=%2Fwp%2Fv2%2Fmedia&parent=550"}],"curies":[{"name":"wp","href":"https:\/\/api.w.org\/{rel}","templated":true}]}}